?
True
Is 168 a factor of 2832312?
True
Is 30 a factor of 20748778?
False
Is 4405596 a multiple of 6?
True
Is 938494 a multiple of 11?
False
Is 755 a factor of 239662?
False
Does 3 divide 546620?
False
Is 91 a factor of 201565?
True
Does 5 divide 295995?
True
Is 398867 a multiple of 12?
False
Is 163 a factor of 2836689?
True
Is 171205 a multiple of 7?
False
Is 197 a factor of 129626?
True
Is 8 a factor of 77216?
True
Does 535 divide 105930?
True
Is 984413 a multiple of 677?
False
Does 5 divide 198925?
True
Is 690676 a multiple of 17?
True
Is 116 a factor of 1958479?
False
Does 126 divide 98154?
True
Is 46517 a multiple of 4?
False
Is 4 a factor of 91444?
True
Is 67 a factor of 1041286?
False
Does 74 divide 621748?
True
Does 316 divide 228152?
True
Is 18768 a multiple of 552?
True
Is 905593 a multiple of 6?
False
Does 123 divide 838614?
True
Does 27 divide 289737?
True
Does 16 divide 162560?
True
Is 2914465 a multiple of 465?
False
Is 808479 a multiple of 58?
False
Does 17 divide 3660202?
True
Does 28 divide 228956?
True
Is 901090 a multiple of 98?
False
Is 95700 a multiple of 145?
True
Is 468 a factor of 2764376?
False
Is 934624 a multiple of 8?
True
Is 12 a factor of 279600?
True
Does 22 divide 3430878?
True
Does 10 divide 218290?
True
Does 14 divide 545724?
False
Is 8 a factor of 1706921?
False
Is 836000 a multiple of 5?
True
Is 101 a factor of 103414?
False
Is 105 a factor of 14000917?
False
Does 63 divide 2208906?
True
Does 297 divide 198607?
False
Is 213 a factor of 926124?
True
Is 418 a factor of 1236862?
True
Is 2824310 a multiple of 290?
True
Is 38323 a multiple of 25?
False
Is 194668 a multiple of 82?
True
Is 1035741 a multiple of 179?
False
Does 222 divide 12016975?
False
Does 9 divide 22348?
False
Is 2659456 a multiple of 15?
False
Is 609098 a multiple of 278?
True
Is 1000293 a multiple of 437?
True
Is 63409 a multiple of 12?
False
Is 43 a factor of 6880?
True
Is 29548 a multiple of 89?
True
Is 637332 a multiple of 519?
True
Is 5 a factor of 3144290?
True
Is 1550657 a multiple of 15?
False
Is 73 a factor of 1249030?
True
Does 1567 divide 16890138?
False
Is 44755 a multiple of 122?
False
Is 270261 a multiple of 24?
False
Does 91 divide 156156?
True
Is 764 a factor of 2157422?
False
Is 76 a factor of 3533252?
False
Does 20 divide 390294?
False
Is 86 a factor of 109478?
True
Is 7069393 a multiple of 15?
False
Is 1619078 a multiple of 2?
True
Is 705844 a multiple of 46?
False
Does 86 divide 1618639?
False
Does 70 divide 2923620?
True
Does 5 divide 459805?
True
Is 1385 a multiple of 3?
False
Does 15 divide 230310?
True
Is 109350 a multiple of 81?
True
Is 353792 a multiple of 22?
False
Does 32 divide 270720?
True
Is 191120 a multiple of 300?
False
Is 360060 a multiple of 60?
True
Is 29 a factor of 8662329?
True
Is 208272 a multiple of 10?
False
Does 68 divide 6406694?
False
Is 11255657 a multiple of 7?
True
Is 13412 a multiple of 5?
False
Is 29 a factor of 1502171?
True
Is 679744 a multiple of 16?
True
Is 8 a factor of 3148109?
False
Does 152 divide 2050939?
False
Is 1873414 a multiple of 179?
True
Does 46 divide 34793?
False
Does 301 divide 2166919?
False
Is 2283 a factor of 5253183?
True
Is 982159 a multiple of 47?
True
Does 339 divide 262047?
True
Is 3854510 a multiple of 11?
True
Is 230 a factor of 476414?
False
Is 3 a factor of 11427?
True
Is 8 a factor of 1013096?
True
Is 408 a factor of 1141847?
False
Is 37 a factor of 555024?
False
Is 198387 a multiple of 165?
False
Is 32853 a multiple of 141?
True
Is 3134080 a multiple of 10?
True
Is 13 a factor of 13078?
True
Is 10 a factor of 27882?
False
Is 659829 a multiple of 71?
False
Is 159 a factor of 428583?
False
Does 34 divide 1868659?
False
Does 822 divide 20895120?
False
Does 118 divide 81420?
True
Is 9 a factor of 4155165?
True
Is 206977 a multiple of 197?
False
Does 83 divide 5276393?
True
Does 1007 divide 2237830?
False
Is 83 a factor of 13463246?
False
Does 75 divide 33825?
True
Is 133 a factor of 764883?
True
Does 51 divide 157773?
False
Is 129688 a multiple of 29?
True
Does 732 divide 354288?
True
Does 65 divide 66413?
False
Is 526286 a multiple of 8?
False
Is 42 a factor of 22534?
False
Does 4 divide 1170240?
True
Is 88631 a multiple of 164?
False
Does 43 divide 1099983?
True
Is 1664672 a multiple of 8?
True
Is 32 a factor of 21446?
False
Is 2942500 a multiple of 1100?
True
Does 257 divide 54896?
False
Is 1391160 a multiple of 60?
True
Is 39 a factor of 1420146?
True
Does 10 divide 236813?
False
Is 99483 a multiple of 12?
False
Is 81 a factor of 115830?
True
Is 112 a factor of 449904?
True
Is 224010 a multiple of 19?
True
Is 1128800 a multiple of 20?
True
Is 33 a factor of 162130?
False
Is 13 a factor of 282571?
False
Does 206 divide 1085422?
False
Is 1007154 a multiple of 81?
True
Is 268175 a multiple of 7?
False
Does 5 divide 5572438?
False
Does 15 divide 1645650?
True
Is 1834181 a multiple of 5?
False
Is 15454320 a multiple of 105?
True
Is 26 a factor of 696930?
True
Is 1685040 a multiple of 236?
True
Is 236565 a multiple of 35?
True
Is 2256800 a multiple of 200?
True
Does 105 divide 252210?
True
Is 24 a factor of 196958?
False
Does 231 divide 2517358?
False
Does 211 divide 1849415?
True
Does 190 divide 1461670?
True
Is 6 a factor of 1578?
True
Is 5469038 a multiple of 959?
False
Does 150 divide 2677036?
False
Does 1871 divide 3392123?
True
Is 197730 a multiple of 90?
True
Is 238 a factor of 1337367?
False
Is 47596 a multiple of 73?
True
Is 98 a factor of 115747?
False
Is 7 a factor of 14657?
False
Is 88 a factor of 2128936?
False
Is 156625 a multiple of 36?
False
Is 857096 a multiple of 85?
False
Is 1848047 a multiple of 157?
True
Is 118508 a multiple of 53?
True
Does 27 divide 466993?
False
Is 51 a factor of 84711?
True
Does 5 divide 42082?
False
Is 67 a factor of 1521989?
False
Does 30 divide 14880600?
True
Is 11027770 a multiple of 16?
False
Is 198 a factor of 529739?
False
Is 9316560 a multiple of 55?
True
Does 12 divide 96132?
True
Is 1300 a multiple of 3?
False
Does 99 divide 4895451?
True
Is 69 a factor of 70343?
False
Does 24 divide 1091527?
False
Does 2 divide 1446?
True
Does 23 divide 5993064?
True
Is 663 a factor of 1797393?
True
Is 1061 a factor of 5835500?
True
Does 11 divide 3666195?
False
Is 479778 a multiple of 6?
True
Is 23 a factor of 2484473?
False
Is 16883925 a multiple of 427?
False
Is 5 a factor of 48564?
False
Is 125 a factor of 220352?
False
Does 13 divide 1264878?
False
Is 344201 a multiple of 244?
False
Is 73 a factor of 72927?
True
Does 15 divide 72342?
False
Is 366777 a multiple of 83?
True
Is 121 a factor of 5485566?
False
Is 52 a factor of 75400?
True
Does 40 divide 72261?
False
Is 1112040 a multiple of 614?
False
Is 4 a factor of 93516?
True
Is 26 a factor of 14985?
False
Does 181 divide 402182?
True
Does 114 divide 28799?
False
Does 287 divide 2930557?
True
Does 55 divide 30905?
False
Does 83 divide 588470?
True
Is 489242 a multiple of 31?
True
Is 118 a factor of 481912?
True
Does 177 divide 1282112?
False
Is 53 a factor of 333715?
False
Is 76 a factor of 10433151?
False
Is 158 a factor of 2138831?
False
Is 83 a factor of 174217?
True
Does 23 divide 238249?
False
Does 2525 divide 12206605?
False
Is 25 a factor of 7751?
False
Is 232910 a multiple of 184?
False
Is 311 a factor of 415140?
False
Does 15 divide 7353165?
True
Is 20674080 a multiple of 10?
True
Does 7 divide 4955881?
True
Does 9 divide 11323590?
False
Is 671473 a multiple of 1203?
False
Is 17 a factor of 13475254?
True
Is 448 a factor of 3408738?
False
Is 123 a factor of 250590?
False
Does 941 divide 11039812?
True
Is 14 a factor of 5236612?
False
Is 26 a factor of 21638099?
False
Does 48 divide 4723380?
False
Is 163840 a multiple of 8?
True
Is 7 a factor of 248113?
False
Is 12 a factor of 116280?
True
Is 6 a factor of 1249488?
True
Is 35 a factor of 1700294?
False
Does 1324 divide 8382244?
True
Does 79 divide 298699?
True
Does 640 divide 8101863?
False
Is 1939509 a multiple of 99?
True
Is 2765152 a multiple of 26?
True
Does 12 divide 20597968?
False
Does 11 divide 2506445?
False
Does 68 divide 3684376?
True
Does 29 divide 221647?
True
Is 2041166 a multiple of 113?
False
Is 120573 a multiple of 79?
False
Is 10 a factor of 181100?
True
Is 10 a factor of 344503?
False
Is 3 a fac